5).
-6
Calculate -37 + (16 - 2) + -2 + -3.
-28
Evaluate (-6 - -11) + (-31 - -29 - -10).
13
Calculate -40 - (-61 + 56 + -23).
-12
What is the value of -11 + 11 + -12 + 6 - 17?
-23
What is the value of -11 + -18 + 28 - (-5 - -6)?
-2
Evaluate (2 - (7 - (-4 + 10)) - 6) + 12.
7
5 - (10 + 6 + -4) - (4 - -2)
-13
0 + -2 + -33 + 22 - (12 + -20)
-5
9 + -1 - (67 + -85) - 10
16
What is the value of -48 - -14 - -15 - -27?
8
What is (3 - 2) + (15 - 16 - 10)?
-10
Evaluate -104 - -113 - ((-2 - 1) + -1 + 4).
9
What is the value of -23 + 1 - (-45 - -42)?
-19
Evaluate (-8 - -5) + 2 + 2 - (-29 - -36).
-6
Evaluate (-33 - -56) + 0 + -15.
8
What is the value of 9 + -8 + -4 + 1 + -1 + 12?
9
Calculate 10 - (-76 - -65 - (2 + -19 + 1)).
5
-1 - -15 - (790 - 775)
-1
-15 - (12 + (-1 - (17 - -32)))
23
Calculate (0 - (4 + -12)) + 13 + -18.
3
31 + (5 - (-6 + 45))
-3
Calculate (8 - (4 + -3)) + (-16 - (61 + -40)).
-30
What is the value of -17 - (-23 - (33 - 13))?
26
Calculate (10 - (25 + -1 + -6)) + 0 + 3.
-5
What is 3 + (-5 - -2) + -42 + 25 + 3?
-14
What is the value of -17 - (-8 + -9 - -1)?
-1
What is the value of 8 - ((22 - 10 - 18) + (-1 - -1))?
14
Evaluate -3 - (-8 + 2 + 12 - 7).
-2
Evaluate 12 + 2 - -2 - (-264 - -270).
10
Evaluate -11 - (-20 - (5 + -10)) - (3 + 2).
-1
What is 2 + 0 - (-941 - -937)?
6
Evaluate -8 - (4 - (3 + (-10 - -9))).
-10
Evaluate -365 - -328 - (0 + -1 - 9).
-27
-8 - (-32 - -17) - (1 - -4) - 26
-24
What is -20 + 6 - ((2 - 1) + -1 + 3)?
-17
Calculate -29 + 37 - (4 - 3).
7
What is the value of ((-22 - -6) + 15 - (-1 + 22)) + 3?
-19
35 - (28 - 13) - (-4 - (-14 - -5))
15
What is 9 - (-1 + 32 + -11)?
-11
Calculate 1 + 10 + (-32 - (7 + -31)).
3
What is (4 - -2) + (-16 + -11 - 5)?
-26
What is -34 + 16 + 4 - 11?
-25
What is (2 - (-1 - -2)) + 0 + (715 - 715)?
1
Evaluate 34 - (-19 - -16 - -26).
11
What is the value of 3 + (10 - 5) - (2 - (-3 - -9))?
12
(6 - 28) + 20 + 7
5
What is the value of 21 - 47 - -2 - -13?
-11
Calculate 60 - ((-48 - -39) + 47).
22
Calculate (34 - -4 - 19) + 4.
23
Evaluate 10 + (12 - -6) - 7.
21
Evaluate -4 - -3 - ((-16 - -25) + (-33 - -5)).
18
Evaluate -17 + (-23 - -14) - -56.
30
34 + 1 - (102 + -70)
3
What is -16 + (11 - (10 + 2 + -13))?
-4
-18 + -27 - (12 - 39)
-18
What is (-1 - 31 - -1) + (34 - -14) + -43?
-26
Evaluate (-23 + (0 - -2) - -11) + 4 - -4.
-2
Evaluate 11 - (34 - 12) - 8.
-19
Evaluate 26 + (-8 - 8) + 8 + -3.
15
What is 12 + (-6 - -1 - 4)?
3
What is -5 + -5 - (9 + -16 + -3)?
0
What is 0 - ((28 - 18) + 2 + -5)?
-7
9 + (4 - (6 - -9))
-2
What is (9 - 0) + -28 + 19 - 12?
-12
Calculate 7 - (6 - (-2 - 5 - 5)).
-11
1 + -4 + (0 - (-3 + 0)) + 4
4
(-1 - (1 - 1)) + (-46 - -41)
-6
(1 - 5) + (53 - 37)
12
Evaluate 9 + -7 + 6 - 16.
-8
What is the value of 4 - (-6 + (0 - (7 + -5 + -6)))?
6
What is the value of -1 - -1 - (-15 + 35 + -18)?
-2
What is -13 - -1 - (-18 - (4 + -22 + 8))?
-4
What is the value of 10 - ((-13 - (-12 - -1)) + 30)?
-18
Calculate 5 + 4 + -7 + 4 + 7 - 1.
12
What is the value of (5 + 2 - (-25 + 24)) + 11?
19
Calculate (-2 + -2 - (-9 + 15 + -2)) + -2.
-10
Calculate (32 + -29 - (12 - 2)) + 19 - 1.
11
Calculate 14 + 27 + -15 + -45.
-19
What is the value of -3 + -16 + (0 - (7 - 5))?
-21
What is (6 + 5 + -2 - (13 - 2)) + -17?
-19
Calculate (-5 - 13 - -22) + -20.
-16
Evaluate -17 + 24 + -45 + 27 - (-1 + 24).
-34
What is 8 + -16 + (-13 + 17 - 11)?
-15
Calculate 12 + -2 + 0 - (-462 + 469).
3
What is the value of (4 + 38 - 1) + -27?
14
Calculate -169 + 130 - (0 - (1 + -2)).
-40
Evaluate (-6 - (-11 - -4)) + -6 - -17.
12
(5 - -29) + -4 + -35
-5
Evaluate -22 + 7 - (-29 - -8).
6
What is -36 - (-28 + -72 + 36)?
28
What is 4 + (-3 - 1) + 4 - (21 + -13)?
-4
Calculate (5 + 0 - (-39 + 39)) + 28.
33
Calculate 1 + -6 + (-24 + 41 - (-4 - -20)).
-4
(-3 - (9 - 6)) + (-6 - (-3 - 12))
3
(9 - 8) + -24 - -18
-5
Evaluate (0 - 3) + (3 + 3 + -9 - -4).
-2
(-14 - (10 + -14)) + 36
26
What is 6 - (3 - (11 + -6 + -9))?
-1
What is the value of 2 - -27 - (-402 - -430)?
1
What is the value of (38 - 70) + 24 + (1 - 15)?
-22
(-5 - 6) + -5 + 9
-7
What is (29 - -3) + (-16 - -2 - -12 - 8)?
22
What is the value of 4 + 8 - (-14 + 27 + (-12 - -4))?
7
What is -35 - (-3 - 42) - (2 + (8 - -2))?
-2
What is the value of 9 + (-18 - -8) + 0 + -8?
-9
38 - -4 - 44 - (-5 + 0)
3
-22 - (-11 + -7) - -2 - -25
23
0 + 17 - (36 + -57 - -36)
2
Evaluate 14 + 0 - (97 + -86).
3
What is -24 - (-15 - 0) - -11?
2
What is the value of 41 + -6 + (6 - 15 - (-4 - 1))?
31
-18 - (-5 - (-7 - (-3 + -12 + 8)))
-13
What is (28 - (4 - (-8 - -4))) + 4?
24
Calculate (11 - 15) + 11 + 1 + -1 - 20.
-13
What is (4 + -4 - 1) + 4 + (-14 - -1)?
-10
(5 - (-11 + 13)) + (-23 - -11)
-9
Evaluate 754 + -727 + (0 - 12).
15
-38 + (5 - -16) - (-49 - -12)
20
1 + 6 + (6 - (11 - 9))
11
Evaluate (-8 - (4 - (5 - -6))) + -7 - -18.
10
(0 - -2) + (-190 - -195)
7
What is 5 + -1 - (23 + (22 - 32))?
-9
What is (-37 - -15) + (49 - 8)?
19
Evaluate 21 + -39 + 26 - (0 + 17).
-9
Evaluate 15 + (-48 - (4 - 11)) + 15.
-11
What is 3 + 15 + (-18 + (-9 - -8) - -28)?
27
What is the value of -10 - (48 + -41 + (0 - 10))?
-7
Evaluate 182 - 162 - (51 + -5).
-26
9 - (-6 + (-1 - (-20 + 7)) + 3)
0
What is -13 - (-15 + 18 - 30)?
14
Evaluate -19 + -26 + 18 + 1 + (5 - 3).
-24
What is the value of (16 - (39 - 28)) + (5 - -1)?
11
Calculate -5 + (5 + 12 - 3).
9
What is the value of 2 + (4 - -4) + -7 + (1 - 31)?
-27
Calculate -1 - (-12 - (-13 + 35)).
33
What is the value of -30 - ((-11 + 0 - -1) + (10 - 1))?
-29
-3 + -22 + -40 + 46
-19
What is the value of (9 - (-11 + 8)) + -10?
2
704 - 692 - (1 - (2 - (1 - -6)))
6
Evaluate (8 + -19 - -17) + (1 - 6) + 0.
1
Evaluate -19 - -7 - (-1 - 15) - (25 + -2).
-19
What is (2 - (24 - 14)) + -4?
-12
Evaluate (-145 - -130) + (2 - 0).
-13
What is the value of 11 - -1 - (492 + -465)?
-15
-3 + (4 - 3) + 10 + 19 + -11
16
Evaluate (59 + 6 + -10 - 22) + -4 + 0.
29
Evaluate (21 - 9 - 16) + (-15 - -4).
-15
What is the value of -1 - 5 - -2 - (489 + -477)?
-16
What is 24 + 4 + -4 - (-5 + 8 + 5)?
16
-17 + (-10 - 1) + 22
-6
(-17 + 3 - -12) + 7
5
Evaluate -8 - ((16 - 63) + 23).
16
What is 28 + (-77 - -9) + 34?
-6
Calculate 1 + 1 - (11 - 9 - 0).
0
1 - 2 - -16 - ((-15 - -4) + 2)
24
Calculate -15 - -1 - (-170 - -156).
0
Evaluate 9 - (-6 - 8 - -23).
0
-8 - -13 - 0 - -4
9
What is 15 + (-11 - 2) + 9?
11
Evaluate (-10 - -3) + (81 - 88).
-14
Calculate -3 + -35 + 19 - (-23 - -4).
0
(-2 - (12 + -18)) + 7
11
Calculate -9 - 0 - (34 + (24 - 62)).
-5
Calculate -7 + 2 + 10 + -17.
-12
What is (-39 - -13 - -29) + -14 + -2?
-13
What is (3 - (0 - -11)) + 58 + -68?
-18
What is -8 + (2 - ((-24 - -24) + (-4 - -3)))?
-5
Calculate (-12 - -2) + (4 - -13).
7
Evaluate 0 + -19 - (-9 - (-3 + -1) - -3).
-17
What is the value of -2 + (8 - 23) + 14?
-3
Calculate 13 + -4 + 1 + -3 + -12.
-5
What is (11 - -26) + -50 + 11 + 1?
-1
Evaluate 14 + 25 - (4 - -38).
-3
What is the value of 0 - -4 - 9 - -3 - (12 - 36)?
22
What is 14 + (-36 - -14) + (-4 - 1)?
-13
What is 2 + -1 + (-20 + 11 - -13)?
5
Calculate ((-81 - -28) + 33 - -22) + (-1 - 0).
1
What is the value of -8 - (-4 - 3) - 0?
-1
Calculate 0 - (16 + -2) - (-19 + 3 + 25).
-23
What is the value of (20 - (29 - 11)) + 2?
4
What is -4 + -7 - -13 - -2?
4
Evaluate 3 - ((-9 - 1) + (8 + -8 - -4)).
9
Calculate 12 - ((-9 - 13) + 16).
18
Evaluate -44 - (6 + 33 + -49).
-34
What is (6 + -11 - -7) + (-2 - (2 + -1))?
-1
Calculate 5 + (-1 - -5 - 19).
-10
Calculate 7 - (-4 + 22 + 13 + -11).
-13
Calculate -1 + (-2 + -1 - (42 - 41)) - 6.
-11
What is the value of -4 - 23 - (-16 - -8)?
-19
Evaluate 3076 + -3070 - (15 + 2 + 0).
-11
(2 - -5) + (201 - 199)
9
Calculate 144 - 134 - (5 - -19).
-14
Evaluate -24 + -10 + 8 + 10.
-16
What is 9 - 4 - (-1 - (-4 + 1))?
3
Calculate 0 - -17 - (0 + 11 - 1) - 6.
1
What is -9 - -6 - (-27 + 14 + 5 + -1)?
6
Calculate -13 - (-8 + (-9 - -16) + 12).
-24
What is (2 + -1 - -29) + (-52 - (-17 - 26))?
21
What is the value of -3 + 3 + (-11 + 34 - 11)?
12
Calculate 8 - (0 + 10 - -12).
-14
Evaluate 6 + -10 + 1 + 20 + -2.
15
Evaluate 8 - (-16 + (22 - 4 - 6) + -2).
14
Evaluate 5 + 0 - ((9 - -2) + 4 + -20).
10
Calculate 17 + -7 + 7 - (-1 + -3).
21
-7 + (-12 - -17) + -11
-13
0 + (-5 - -10) + -16 + 29 + -14
4
What is the value of -2 - -9 - (-4 - -30)?
-19
What is the value of (-2 - 3) + (-3 - (2 + -7) - 2)?
-5
(1 - 5 - 